hat is the highest common divisor of 1820 and 75357555?
455
What is the highest common divisor of 14944360 and 2720?
680
What is the greatest common divisor of 14373344 and 59?
59
What is the greatest common factor of 15 and 36324885?
15
Calculate the highest common divisor of 466755 and 7881.
111
What is the greatest common divisor of 76212 and 229074?
438
Calculate the greatest common divisor of 2647839280 and 80.
80
What is the greatest common factor of 1503684 and 152847?
4131
Calculate the greatest common factor of 2258051336 and 3352.
3352
Calculate the greatest common factor of 12656682 and 18.
18
What is the greatest common divisor of 3443047 and 342?
19
Calculate the highest common factor of 4170049 and 5967.
221
Calculate the highest common factor of 328704 and 37236.
1284
What is the highest common divisor of 900 and 534782700?
900
Calculate the greatest common divisor of 803397 and 2270898.
1407
Calculate the greatest common divisor of 6421842 and 441.
441
What is the greatest common divisor of 404475822 and 7506?
7506
Calculate the greatest common factor of 5421731 and 5012.
1253
Calculate the highest common factor of 94 and 335301713.
47
Calculate the highest common divisor of 2604124 and 332.
4
Calculate the greatest common factor of 7074 and 1372770.
18
Calculate the highest common divisor of 714 and 56535591.
357
Calculate the greatest common divisor of 350750 and 24250.
250
What is the highest common factor of 123 and 993129?
3
Calculate the greatest common divisor of 115294279 and 786.
131
Calculate the greatest common divisor of 3041684 and 8061.
2687
What is the highest common factor of 10190480 and 480?
80
What is the greatest common divisor of 11589877 and 124?
31
What is the greatest common divisor of 147 and 1687161?
21
Calculate the greatest common divisor of 114104 and 1864016.
136
Calculate the greatest common divisor of 305097174 and 9.
9
Calculate the highest common divisor of 117288 and 2714457.
543
What is the greatest common factor of 105835220 and 80?
20
What is the highest common divisor of 1562 and 5788630?
142
Calculate the greatest common divisor of 28495 and 32185.
205
What is the greatest common divisor of 51469270 and 540?
10
Calculate the highest common divisor of 255 and 132087.
3
Calculate the greatest common divisor of 879893 and 10143.
49
Calculate the greatest common divisor of 99122991 and 112557.
6621
Calculate the greatest common factor of 3544877 and 301.
301
Calculate the highest common divisor of 1195458 and 84.
6
Calculate the highest common factor of 2 and 603407866.
2
Calculate the greatest common factor of 3111 and 231373.
61
What is the greatest common divisor of 141 and 94484617?
47
What is the highest common factor of 376 and 23760568?
376
Calculate the highest common factor of 902640 and 410.
10
Calculate the highest common divisor of 29192588 and 19.
19
What is the greatest common divisor of 47986953 and 168?
21
What is the highest common factor of 267550 and 217475?
25
Calculate the greatest common factor of 3568410 and 4650.
930
What is the highest common divisor of 1812080 and 8800?
80
What is the highest common factor of 21465860 and 1040?
260
What is the highest common divisor of 20433 and 294?
147
Calculate the greatest common divisor of 771798 and 19341.
921
Calculate the highest common divisor of 6052984 and 32.
8
What is the greatest common factor of 293532224 and 1784?
1784
Calculate the greatest common divisor of 79158 and 1692378.
1002
What is the greatest common factor of 6248274 and 611?
47
Calculate the greatest common factor of 5679270 and 3090.
30
What is the greatest common divisor of 1864 and 8330449?
233
What is the highest common divisor of 1079 and 49995465?
1079
What is the greatest common divisor of 178891 and 19363?
289
What is the highest common divisor of 29219 and 1842871?
61
What is the greatest common divisor of 2992 and 254507?
187
What is the highest common factor of 3266 and 31414734?
46
What is the highest common factor of 69483233 and 1189?
41
What is the highest common divisor of 16434 and 13802734?
1826
Calculate the highest common divisor of 2224 and 58112008.
1112
Calculate the greatest common factor of 2553 and 3145.
37
Calculate the greatest common factor of 49035 and 9765.
105
What is the highest common divisor of 1305535 and 35665?
35
Calculate the greatest common divisor of 4214 and 427076.
86
Calculate the greatest common factor of 11134772 and 100.
4
What is the highest common divisor of 1110139 and 305?
61
Calculate the highest common factor of 35 and 554120315.
35
What is the highest common factor of 15105 and 9062205?
795
What is the highest common divisor of 5747950 and 410?
10
What is the highest common divisor of 2095 and 19990?
5
Calculate the highest common factor of 71530095 and 42.
21
What is the highest common factor of 1707 and 22380?
3
Calculate the highest common factor of 418539471 and 21.
21
Calculate the highest common factor of 15687 and 3224052.
747
Calculate the greatest common factor of 21973 and 145598.
43
Calculate the greatest common divisor of 1671388 and 2529.
281
Calculate the greatest common factor of 230154815 and 40.
5
What is the highest common divisor of 470 and 1089742?
94
What is the highest common divisor of 75 and 12197925?
75
What is the highest common divisor of 2363152 and 724?
4
Calculate the highest common factor of 20439 and 559715202.
6813
Calculate the greatest common divisor of 5581776 and 24.
24
What is the greatest common divisor of 406333 and 679?
97
Calculate the greatest common divisor of 172075968 and 1728.
1728
What is the highest common factor of 209 and 57730607?
209
What is the highest common divisor of 269304 and 464412?
2748
Calculate the greatest common factor of 97949 and 5024067.
2389
Calculate the greatest common divisor of 4645132 and 5300.
212
Calculate the highest common divisor of 18613460 and 623.
89
Calculate the highest common factor of 96119 and 103059.
347
What is the greatest common divisor of 27561336 and 638?
22
What is the highest common factor of 140900328 and 8352?
2088
What is the greatest common factor of 617175 and 2082600?
2925
What is the highest common divisor of 1532402 and 7654?
178
Calculate the greatest common factor of 14 and 27688906.
14
What is the greatest common factor of 91528696 and 42?
14
What is the highest common factor of 105245 and 8487955?
1085
What is the greatest common divisor of 40050486 and 987?
987
Calculate the greatest common divisor of 1966249 and 15611.
67
What is the highest common divisor of 355623 and 3553?
323
Calculate the highest common factor of 3999 and 9371207.
31
Calculate the greatest common divisor of 6286668 and 612.
204
What is the highest common divisor of 574 and 15534203?
41
What is the greatest common factor of 4598 and 3611938?
418
What is the highest common factor of 6330311 and 13?
13
What is the highest common divisor of 664944 and 81424?
112
Calculate the greatest common factor of 564520153 and 13569.
4523
Calculate the greatest common divisor of 23881 and 2834.
13
What is the highest common factor of 40421087 and 17?
17
Calculate the highest common divisor of 743162 and 7630.
1526
Calculate the highest common divisor of 65 and 958995.
5
What is the greatest common divisor of 45182 and 39234506?
1102
What is the highest common factor of 400855280 and 7840?
3920
Calculate the greatest common divisor of 1272429 and 678219.
2049
Calculate the greatest common factor of 6576675 and 525.
525
Calculate the highest common divisor of 27 and 5498307.
27
Calculate the greatest common divisor of 1997 and 739800632.
1997
What is the greatest common factor of 151820792 and 104?
8
What is the greatest common divisor of 1523504 and 4?
4
What is the highest common factor of 12059883 and 427?
61
Calculate the highest common factor of 1868197 and 1745.
349
What is the highest common factor of 44376625 and 6431?
109
What is the greatest common divisor of 243 and 51721335?
243
What is the greatest common divisor of 3175928 and 5481?
7
What is the greatest common divisor of 229450 and 1243619?
4589
What is the greatest common factor of 10245121 and 123?
41
What is the highest common divisor of 39 and 327848027?
13
Calculate 